nder when 159 is divided by v?
19
Let b = 12 - -14. Suppose 0*a = -4*f + a + 157, -4*f - 5*a + 151 = 0. Let m = f - b. Calculate the remainder when 51 is divided by m.
12
Let z be ((-34)/(-6))/(2/(-18)*-3). Suppose 0 = -z*a + 19*a - 56. Calculate the remainder when a is divided by 3.
1
Let r(b) = 2*b**2 + 16*b + 19. Suppose 12 = -3*v + 9. Let h(k) = -10*k**2 + k + 1. Let c be h(v). What is the remainder when r(c) is divided by 15?
14
Suppose t - 4 = -0*t. Let w = 36 + -32. Suppose -5*v + 2*v + 37 = 4*a, w*a = -t*v + 44. What is the remainder when 13 is divided by v?
6
Suppose 4*l - 4 - 4 = 0. Suppose -5*i + 5*a = -170, i = -l*i - 2*a + 112. Let z = -30 + 43. Calculate the remainder when i is divided by z.
10
Suppose 0 = 21*s - 76*s + 8910. Calculate the remainder when s is divided by 55.
52
Suppose 3*v - 31 = -2*b - 225, -5*v + 329 = -3*b. Let f = 111 + b. Calculate the remainder when 54 is divided by f.
6
Suppose -2*n + 126 = 2*y + 12, n + 2*y = 60. Let k = 10 - 7. What is the remainder when n is divided by k?
0
Let i = 4 + 0. Let c(q) = 6*q + i - 4 + 2*q**2 - 8*q + 3. Calculate the remainder when 28 is divided by c(3).
13
Let b(h) = -4*h + 340. What is the remainder when b(5) is divided by 12?
8
Calculate the remainder when 6/27 + 121476/108 is divided by 8.
5
Suppose -34*l = 37*l - 3408. Let j = 22 - -77. What is the remainder when l is divided by (-2)/(-8) - j/(-4)?
23
Let m = 225 + -173. What is the remainder when m is divided by 8?
4
Let v = -154 + 286. Calculate the remainder when v is divided by 27.
24
Let p be 2/6 + (-44)/(-12). Suppose p*g = 108 + 8. Calculate the remainder when g is divided by 8.
5
Suppose -214 = -2*k - 76. What is the remainder when 275 is divided by k?
68
Suppose 224 = 4*p + l, -3*p + 155 = -0*p + 4*l. What is the remainder when p is divided by 25?
7
Let d(t) = -2*t**3 - 2*t**2 + 4. Let u be d(-3). Suppose 4*g - 49 = -3*y - 12, -5*g = 5*y - u. What is the remainder when g is divided by 3?
1
Suppose -4*v - 4*t = -100, 6*t - 41 = -v + t. Calculate the remainder when 103 is divided by v.
19
Let u = 2 + 2. Calculate the remainder when 1/u + 430/40 is divided by 4.
3
Let m = 6 - -23. Let o = m + -25. Calculate the remainder when 15 is divided by o.
3
Suppose 5*v - 375 = -4*i, 75 = -5*v + 6*v - 5*i. Suppose s + 24 = 2*d + 6, 2*s = -d + 19. Calculate the remainder when v is divided by d.
9
Let b = -22 + 60. Suppose 2*m - 33 + 7 = 3*y, 0 = 5*y + 10. What is the remainder when b is divided by m?
8
Let k = -29 + 27. Calculate the remainder when 25 is divided by ((-128)/k)/4 + -2.
11
Let r(k) = k**2 + 14*k + 64. What is the remainder when r(-19) is divided by 32?
31
Let d be 165/4 + (-3)/12. Suppose 0*p = -g + 3*p + 54, 3*g - 187 = 4*p. Let u = g - d. What is the remainder when u is divided by 10?
8
Let j = 67 - -14. Let n(z) = z**3 - 5*z**2 - 3*z + 3. Calculate the remainder when j is divided by n(6).
18
Let q = -2 + 5. Let r be (4/3)/(10/330). Suppose -q*v - v = -r. Calculate the remainder when v is divided by 6.
5
Let s = -16 - 13. Let d = -15 - s. Suppose -2*x + 3*x = d. Calculate the remainder when 54 is divided by x.
12
Let r = -239 - -275. Calculate the remainder when r is divided by 16.
4
Let r(y) = -y**3 + 19*y**2 + 7*y - 56. Let a = 40 - 19. What is the remainder when r(19) is divided by a?
14
Suppose -3*l + 3 = 0, 0*w = 2*w - 3*l - 3. Let m be (w - 10/4)*18. Calculate the remainder when 29 is divided by (-12 - -13)*(1 + m).
9
Suppose 12 = -2*v + 18. Calculate the remainder when 163 is divided by v + (-6)/4 + 27/2.
13
What is the remainder when 269 is divided by 13 - (7/(-14) + (-28)/(-8))?
9
Suppose -4*r + 473 = 169. Let y(v) = -v**3 - v**2 - 7*v - 2. Let a be y(-3). Let c = 63 - a. What is the remainder when r is divided by c?
24
Suppose 2*j - 505 = -a, 24*j = 26*j - 5*a - 487. What is the remainder when j is divided by 36?
35
Let x be 98/4 + (-1)/(-2). Let h(w) = w**3 - 11*w**2 - 14*w + 6. Let c be h(12). Let d = c + x. Calculate the remainder when 25 is divided by d.
4
Let q(f) = -f**2 - 6*f + 398. What is the remainder when q(0) is divided by 50?
48
Suppose 80 + 74 = 11*j. Let d = 6 + -1. What is the remainder when j is divided by d?
4
Suppose -5*t + 4 = p, -2*p + 44 = p - t. Calculate the remainder when 40 is divided by p.
12
What is the remainder when (3 - 1156/12)*21/(-4) is divided by 19?
15
Suppose 5*v = r - 394, 0 = -v + 4*v + 9. Calculate the remainder when r is divided by 35.
29
Let m be (-4)/(-22) - (-120)/66. Let f be (63/36)/(m/8). Let a = 48 - f. Calculate the remainder when a is divided by 16.
9
Let y(v) = 2*v**2 + 3*v - 4. Let u be 14/(-4) - 1/2. What is the remainder when y(u) is divided by 10?
6
Suppose 0 = 4*d - 2*p - 56, -2*d - 2*p - 8 = -36. Let x be ((-3)/3)/(2/100). Calculate the remainder when d is divided by (-20)/x - 38/(-5).
6
Let u(i) = -i**3 - 6*i**2 + 3*i - 2. What is the remainder when 62 is divided by u(-7)?
10
Let v(l) = -4*l - 37. What is the remainder when 37 is divided by v(-13)?
7
Let s(q) = 10*q**2 - 3*q - 10. Let o = -39 + 37. Calculate the remainder when 213 is divided by s(o).
33
Let s be (-33)/(-5) + 4/10. Suppose -33 = -10*q + s*q. Calculate the remainder when 30 is divided by q.
8
Let f(r) = -r**2 - 29*r + 243. What is the remainder when 1088 is divided by f(-35)?
32
Let w = 112 + -38. Calculate the remainder when w is divided by 26/(-117) - ((-364)/18 + 1).
17
Suppose -271 = -2*h - 3*y, 0 = -3*h + 16*y - 12*y + 449. Calculate the remainder when h is divided by 37.
32
Suppose -9 = 4*f + t, 2*t + 0*t + 14 = -4*f. Let o(s) = 43*s**2 - 6*s - 6. Calculate the remainder when o(f) is divided by 23.
20
Let u(m) = -7*m - 5. Let d be u(-4). Suppose -26*g + 21 = -d*g. Suppose -8*i = -4*i - 156. Calculate the remainder when i is divided by g.
4
Let u be (5/2 + -2)*58. Suppose -4*p + 42 = 2*g, -2*p - p = 4*g - u. Calculate the remainder when 14 is divided by p.
3
Let z = 27 - 27. Suppose z = 4*h + 5*w - 58, 2*w = -1 + 5. Calculate the remainder when (9 - h) + 1*57 is divided by 19.
16
Let d = -1285 + 1313. Calculate the remainder when 1061 is divided by d.
25
Let z(r) = -r**2 - 7*r - 8. Let p be z(-6). Suppose 4*s - 8 = 44. What is the remainder when ((-4)/(-6))/(p/(-69)) is divided by s?
10
What is the remainder when 358 - -24 - (1 - -7) is divided by 75?
74
Calculate the remainder when 14 is divided by (1*-2)/((-1)/2).
2
What is the remainder when 1/3 - 524/(-12) is divided by 13/((-273)/90)*140/(-40)?
14
Suppose 56 = -3*y + 7*y. What is the remainder when -2 + y/8 - (-5850)/72 is divided by 42?
39
Let l = -23 - -22. Let j be (0 + (-2)/(-2))/l. What is the remainder when 20 is divided by 63/7 - 2/j?
9
Let w(k) = k**2 + 4*k + 5. Suppose -13*i + 16*i = u - 4, u - 4*i + 1 = 0. Calculate the remainder when u is divided by w(-5).
9
Let q = -85 - -136. Let t(c) = -c**3 + 9*c**2 - 10*c - 15. What is the remainder when q is divided by t(7)?
12
Suppose -5*y + 4*y = 7. Calculate the remainder when (40/y)/(4/(-14)) is divided by 7.
6
Suppose -2*i = 3*i. Suppose i = -0*j - 3*j + 60. What is the remainder when j is divided by 12?
8
What is the remainder when 540 is divided by (390/24)/((-25)/(-20))?
7
Suppose -85*s = -89*s + 280. Calculate the remainder when s is divided by 36.
34
Let h(k) = -k**2 + 9*k - 8. Let m be h(7). Suppose m*i - 235 = -67. Calculate the remainder when i is divided by 12.
4
Let v be -2 + 3/3*(68 + 1). Let r = v + -53. What is the remainder when r is divided by 3?
2
Suppose -32 = -2*p + 2*y - 5*y, -3*y = p - 16. Let m(j) = 46*j**2 + j. Suppose -3*c + 9*c + 6 = 0. Calculate the remainder when m(c) is divided by p.
13
Suppose -4 = 7*i - 8*i. Suppose -3 = q, -i*q = -a - 4*a + 132. Calculate the remainder when a is divided by 9.
6
Let w(s) = 5*s**2 - 2*s - 2. Let n be w(2). Let a = n + 4. What is the remainder when 48 is divided by a?
12
Let o = 166 - 13. Calculate the remainder when o is divided by 31.
29
Let j(m) = m**3 - m**2 + 23. Suppose 3*f - 4*s = -f - 8, -3*f + s - 10 = 0. Let k be -1 - (2 + f)/2. What is the remainder when 89 is divided by j(k)?
20
Suppose -498 = -7*p - 162. What is the remainder when 142 is divided by p?
46
Suppose 219 = 3*s - 72. What is the remainder when 138 is divided by s?
41
Suppose 4*o - 3*v = 502, 0 = 4*o + 13*v - 14*v - 506. Calcula